{"id":3768,"date":"2023-03-21T20:48:02","date_gmt":"2023-03-21T19:48:02","guid":{"rendered":"https:\/\/gerardotortora.com\/index.php\/attorney\/"},"modified":"2023-06-03T00:41:58","modified_gmt":"2023-06-02T22:41:58","slug":"attorney","status":"publish","type":"page","link":"https:\/\/gerardotortora.com\/index.php\/attorney\/","title":{"rendered":"Attorney"},"content":{"rendered":"<div class=\"wpb-content-wrapper\"><div class=\"row\">\n                <div class=\"attorneys_box col-lg-4 col-md-6 col-sm-6\">\n                  <?php if (has_post_thumbnail()){ ?>\n                    <div class=\"image-box \">\n                      <img decoding=\"async\" class=\"client-img\" src=\"https:\/\/gerardotortora.com\/wp-content\/uploads\/2017\/10\/1639052506419-766x1024-1.jpg\" alt=\"attorney-thumbnail\" \/>\n                      <div class=\"attorneys-box w-100 float-left\">\n                        <h4 class=\"attorney_name\"><a href=\"https:\/\/gerardotortora.com\/index.php\/attorney\/gerardo-tortora\/\">Gerardo Tortora<\/a><\/h4>\n                        <span>Dottore Commercialista<\/span>\n                      <\/div>\n                    <\/div>\n                  <?php } ?>\n                  <div class=\"content_box w-100 float-left\">\n                    <div class=\"short_text pt-3\">[vc_row][vc_column][vc_column_text]Sono Dottore Commercialista\u00a0 iscritto all\u2019ordine dei Dottori Commercialisti ed Esperti Contabili\u00a0 di Olbia Tempio al n. 271\/A . Da oltre<\/div>\n                    <div class=\"about-socialbox pt-3\">\n                      <span>3392157949<\/span>\n                      <div class=\"att_socialbox\"><a class=\"\" href=\"https:\/\/www.facebook.com\/\" target=\"_blank\"><i class=\"fab fa-facebook-f\"><\/i><\/a><a class=\"\" href=\"https:\/\/twitter.com\/\" target=\"_blank\"><i class=\"fab fa-twitter\"><\/i><\/a><a class=\"\" href=\"https:\/\/www.linkedin.com\/in\/gerardo-tortora-a413801b9\/\" target=\"_blank\"><i class=\"fab fa-linkedin-in\"><\/i><\/a><\/div>\n                    <\/div>\n                  <\/div>\n                <\/div><\/div>\n<\/div>","protected":false},"excerpt":{"rendered":"[vc_row][vc_column][vc_column_text]Sono Dottore Commercialista\u00a0 iscritto all\u2019ordine dei Dottori Commercialisti ed Esperti Contabili\u00a0 di Olbia Tempio al n. 271\/A . Da oltre 15 anni mi occupo di fiscalit\u00e0 e contabilit\u00e0\u00a0 d\u2019impresa, fornendo consulenza altamente specialistica.[\/vc_column_text][vc_column_text] La tua felicit\u00e0 \u00e8 il mio principale business. La conoscenza \u00e8 l\u2019arma pi\u00f9 potente che esista. Ti permette di perseguire i tuoi &hellip; <p class=\"link-more\"><a href=\"https:\/\/gerardotortora.com\/index.php\/attorney\/gerardo-tortora\/\" class=\"more-link\">Continue reading<span class=\"screen-reader-text\"> \"Gerardo Tortora\"<\/span><\/a><\/p>","protected":false},"author":1,"featured_media":0,"parent":0,"menu_order":0,"comment_status":"closed","ping_status":"closed","template":"","meta":{"_regular_price":[],"currency_symbol":[],"footnotes":""},"class_list":["post-3768","page","type-page","status-publish","hentry"],"aioseo_notices":[],"post_slider_layout_featured_media_urls":{"thumbnail":"","post_slider_layout_landscape_large":"","post_slider_layout_portrait_large":"","post_slider_layout_square_large":"","post_slider_layout_landscape":"","post_slider_layout_portrait":"","post_slider_layout_square":"","full":""},"amp_enabled":true,"_links":{"self":[{"href":"https:\/\/gerardotortora.com\/index.php\/wp-json\/wp\/v2\/pages\/3768","targetHints":{"allow":["GET"]}}],"collection":[{"href":"https:\/\/gerardotortora.com\/index.php\/wp-json\/wp\/v2\/pages"}],"about":[{"href":"https:\/\/gerardotortora.com\/index.php\/wp-json\/wp\/v2\/types\/page"}],"author":[{"embeddable":true,"href":"https:\/\/gerardotortora.com\/index.php\/wp-json\/wp\/v2\/users\/1"}],"replies":[{"embeddable":true,"href":"https:\/\/gerardotortora.com\/index.php\/wp-json\/wp\/v2\/comments?post=3768"}],"version-history":[{"count":0,"href":"https:\/\/gerardotortora.com\/index.php\/wp-json\/wp\/v2\/pages\/3768\/revisions"}],"wp:attachment":[{"href":"https:\/\/gerardotortora.com\/index.php\/wp-json\/wp\/v2\/media?parent=3768"}],"curies":[{"name":"wp","href":"https:\/\/api.w.org\/{rel}","templated":true}]}}

[vc_row][vc_column][vc_column_text]Sono Dottore Commercialista  iscritto all’ordine dei Dottori Commercialisti ed Esperti Contabili  di Olbia Tempio al n. 271/A . Da oltre 15 anni mi occupo di fiscalità e contabilità  d’impresa, fornendo consulenza altamente specialistica.[/vc_column_text][vc_column_text] La tua felicità è il mio principale business. La conoscenza è l’arma più potente che esista. Ti permette di perseguire i tuoi &hellip; <p class="link-more"><a href="https://gerardotortora.com/index.php/attorney/gerardo-tortora/" class="more-link">Continue reading<span class="screen-reader-text"> "Gerardo Tortora"</span></a></p>
